{"id":1178,"date":"2025-07-20T20:55:32","date_gmt":"2025-07-20T23:55:32","guid":{"rendered":"https:\/\/www.orbitatierra.cl\/?page_id=1178"},"modified":"2025-09-21T11:39:38","modified_gmt":"2025-09-21T14:39:38","slug":"murals","status":"publish","type":"page","link":"https:\/\/www.englishparty.cl\/index.php\/murals\/","title":{"rendered":"Murales"},"content":{"rendered":"\n<div class=\"wp-block-stackable-columns stk-block-columns stk-block stk-3f7184f\" data-block-id=\"3f7184f\"><div class=\"stk-row stk-inner-blocks stk-block-content stk-content-align stk-3f7184f-column\">\n<div class=\"wp-block-stackable-column stk-block-column stk-column stk-block stk-2e75c09\" data-v=\"4\" data-block-id=\"2e75c09\"><style>@media screen and (min-width:690px){.stk-2e75c09 {flex:var(--stk-flex-grow, 1) 1 33.3% !important;}}<\/style><div class=\"stk-column-wrapper stk-block-column__content stk-container stk-2e75c09-container stk--no-background stk--no-padding\"><div class=\"stk-block-content stk-inner-blocks stk-2e75c09-inner-blocks\">\n<div class=\"wp-block-stackable-hero stk-block-hero stk-block stk-b7cee2c stk-block-background is-style-default\" data-v=\"2\" data-block-id=\"b7cee2c\"><style>.stk-b7cee2c-inner-blocks{justify-content:center !important;}.stk-b7cee2c {background-color:var(--theme-palette-color-8, #ffffff) !important;border-top-left-radius:var(--stk--preset--border-radius--x-small, 2px) !important;border-top-right-radius:var(--stk--preset--border-radius--x-small, 2px) !important;border-bottom-right-radius:var(--stk--preset--border-radius--x-small, 2px) !important;border-bottom-left-radius:var(--stk--preset--border-radius--x-small, 2px) !important;overflow:hidden !important;box-shadow:0 5px 5px 0 #123f5209 !important;}.stk-b7cee2c:before{background-color:var(--theme-palette-color-8, #ffffff) !important;}.stk-b7cee2c-container{background-image:url(https:\/\/www.englishparty.cl\/wp-content\/uploads\/2025\/07\/fondoactividades3.png) !important;}.stk-b7cee2c-container:before{opacity:0 !important;}.stk-b7cee2c .stk-block-hero__content{min-height:500px !important;align-items:center !important;display:flex !important;}<\/style><div class=\"stk-block-hero__content stk-content-align stk-b7cee2c-column stk-container stk-b7cee2c-container stk-hover-parent stk--has-background-overlay\"><div class=\"stk-block-content stk-inner-blocks has-text-align-center stk--column-flex stk-b7cee2c-inner-blocks\">\n<div class=\"wp-block-stackable-heading stk-block-heading stk-block-heading--v2 stk-block stk-c16837f\" id=\"murales\" data-block-id=\"c16837f\"><style>.stk-c16837f .stk-block-heading__top-line{height:5px !important;margin-bottom:22px !important;}.stk-c16837f {padding-top:var(--stk--preset--spacing--none, 0px) !important;padding-right:var(--stk--preset--spacing--none, 0px) !important;padding-bottom:var(--stk--preset--spacing--none, 0px) !important;padding-left:var(--stk--preset--spacing--none, 0px) !important;margin-top:var(--stk--preset--spacing--60, 2.25rem) !important;}@media screen and (max-width:689px){.stk-c16837f {margin-top:var(--stk--preset--spacing--80, 5.06rem) !important;}}<\/style><h2 class=\"stk-block-heading__text\">Murales<\/h2><\/div>\n\n\n\n<p><\/p>\n\n\n\n<div class=\"wp-block-stackable-text stk-block-text stk-block stk-9439674\" data-block-id=\"9439674\"><p class=\"stk-block-text__text\">Nuestros talleres de muralismo unen equipos y fomentan el bienestar a trav\u00e9s de la colaboraci\u00f3n, la creatividad, y la conexi\u00f3n manual.<\/p><\/div>\n\n\n\n<p><\/p>\n\n\n\n<div class=\"wp-block-stackable-image stk-block-image stk-block stk-35b6175\" data-block-id=\"35b6175\"><style>.stk-35b6175 .stk-img-wrapper{width:30% !important;}<\/style><figure><span class=\"stk-img-wrapper stk-image--shape-stretch\"><img loading=\"lazy\" decoding=\"async\" class=\"stk-img wp-image-704\" src=\"https:\/\/www.englishparty.cl\/wp-content\/uploads\/2025\/06\/logo_banner.png\" width=\"463\" height=\"339\" srcset=\"https:\/\/www.englishparty.cl\/wp-content\/uploads\/2025\/06\/logo_banner.png 463w, https:\/\/www.englishparty.cl\/wp-content\/uploads\/2025\/06\/logo_banner-300x220.png 300w\" sizes=\"auto, (max-width: 463px) 100vw, 463px\" \/><\/span><\/figure><\/div>\n<\/div><\/div><\/div>\n<\/div><\/div><\/div>\n\n\n\n<div class=\"wp-block-stackable-column stk-block-column stk-column stk-block stk-1777b17\" data-v=\"4\" data-block-id=\"1777b17\"><style>.stk-1777b17-container{margin-top:var(--stk--preset--spacing--none, 0px) !important;margin-right:var(--stk--preset--spacing--none, 0px) !important;margin-bottom:var(--stk--preset--spacing--none, 0px) !important;margin-left:var(--stk--preset--spacing--none, 0px) !important;min-height:var(--stk--preset--block-height--none, 0px) !important;max-width:1500px !important;min-width:auto !important;padding-top:var(--stk--preset--spacing--none, 0px) !important;padding-right:var(--stk--preset--spacing--none, 0px) !important;padding-bottom:var(--stk--preset--spacing--none, 0px) !important;padding-left:var(--stk--preset--spacing--none, 0px) !important;}.stk-1777b17-inner-blocks{row-gap:var(--stk--preset--spacing--none, 0px) !important;}@media screen and (min-width:690px){.stk-1777b17 {flex:var(--stk-flex-grow, 1) 1 66.7% !important;}}<\/style><div class=\"stk-column-wrapper stk-block-column__content stk-container stk-1777b17-container stk--no-background stk--no-padding\"><div class=\"stk-block-content stk-inner-blocks stk-1777b17-inner-blocks\">\n<figure class=\"wp-block-gallery has-nested-images columns-default is-cropped wp-block-gallery-1 is-layout-flex wp-block-gallery-is-layout-flex\">\n<figure class=\"wp-block-image size-large\"><img loading=\"lazy\" decoding=\"async\" width=\"1024\" height=\"1024\" data-id=\"1211\" src=\"https:\/\/www.englishparty.cl\/wp-content\/uploads\/2025\/08\/64EA7424-C76E-4CAA-B821-89D637B12842_1_201_a-1024x1024.jpeg\" alt=\"\" class=\"wp-image-1211\" srcset=\"https:\/\/www.englishparty.cl\/wp-content\/uploads\/2025\/08\/64EA7424-C76E-4CAA-B821-89D637B12842_1_201_a-1024x1024.jpeg 1024w, https:\/\/www.englishparty.cl\/wp-content\/uploads\/2025\/08\/64EA7424-C76E-4CAA-B821-89D637B12842_1_201_a-300x300.jpeg 300w, https:\/\/www.englishparty.cl\/wp-content\/uploads\/2025\/08\/64EA7424-C76E-4CAA-B821-89D637B12842_1_201_a-150x150.jpeg 150w, https:\/\/www.englishparty.cl\/wp-content\/uploads\/2025\/08\/64EA7424-C76E-4CAA-B821-89D637B12842_1_201_a-768x768.jpeg 768w, https:\/\/www.englishparty.cl\/wp-content\/uploads\/2025\/08\/64EA7424-C76E-4CAA-B821-89D637B12842_1_201_a-1536x1536.jpeg 1536w, https:\/\/www.englishparty.cl\/wp-content\/uploads\/2025\/08\/64EA7424-C76E-4CAA-B821-89D637B12842_1_201_a-500x500.jpeg 500w, https:\/\/www.englishparty.cl\/wp-content\/uploads\/2025\/08\/64EA7424-C76E-4CAA-B821-89D637B12842_1_201_a-800x800.jpeg 800w, https:\/\/www.englishparty.cl\/wp-content\/uploads\/2025\/08\/64EA7424-C76E-4CAA-B821-89D637B12842_1_201_a-1280x1280.jpeg 1280w, https:\/\/www.englishparty.cl\/wp-content\/uploads\/2025\/08\/64EA7424-C76E-4CAA-B821-89D637B12842_1_201_a.jpeg 1664w\" sizes=\"auto, (max-width: 1024px) 100vw, 1024px\" \/><\/figure>\n\n\n\n<figure class=\"wp-block-image size-large\"><img loading=\"lazy\" decoding=\"async\" width=\"1980\" height=\"1676\" data-id=\"1274\" src=\"https:\/\/www.englishparty.cl\/wp-content\/uploads\/2025\/09\/F2-1-1980x1676.jpg\" alt=\"\" class=\"wp-image-1274\" srcset=\"https:\/\/www.englishparty.cl\/wp-content\/uploads\/2025\/09\/F2-1-1980x1676.jpg 1980w, https:\/\/www.englishparty.cl\/wp-content\/uploads\/2025\/09\/F2-1-600x508.jpg 600w, https:\/\/www.englishparty.cl\/wp-content\/uploads\/2025\/09\/F2-1-768x650.jpg 768w, https:\/\/www.englishparty.cl\/wp-content\/uploads\/2025\/09\/F2-1-1536x1300.jpg 1536w, https:\/\/www.englishparty.cl\/wp-content\/uploads\/2025\/09\/F2-1-2048x1733.jpg 2048w, https:\/\/www.englishparty.cl\/wp-content\/uploads\/2025\/09\/F2-1-500x423.jpg 500w, https:\/\/www.englishparty.cl\/wp-content\/uploads\/2025\/09\/F2-1-800x677.jpg 800w, https:\/\/www.englishparty.cl\/wp-content\/uploads\/2025\/09\/F2-1-1280x1083.jpg 1280w, https:\/\/www.englishparty.cl\/wp-content\/uploads\/2025\/09\/F2-1-1920x1625.jpg 1920w\" sizes=\"auto, (max-width: 1980px) 100vw, 1980px\" \/><\/figure>\n\n\n\n<figure class=\"wp-block-image size-large\"><img loading=\"lazy\" decoding=\"async\" width=\"1980\" height=\"1634\" data-id=\"1275\" src=\"https:\/\/www.englishparty.cl\/wp-content\/uploads\/2025\/09\/IMG_20170125_101536-1980x1634.jpg\" alt=\"\" class=\"wp-image-1275\" srcset=\"https:\/\/www.englishparty.cl\/wp-content\/uploads\/2025\/09\/IMG_20170125_101536-1980x1634.jpg 1980w, https:\/\/www.englishparty.cl\/wp-content\/uploads\/2025\/09\/IMG_20170125_101536-600x495.jpg 600w, https:\/\/www.englishparty.cl\/wp-content\/uploads\/2025\/09\/IMG_20170125_101536-768x634.jpg 768w, https:\/\/www.englishparty.cl\/wp-content\/uploads\/2025\/09\/IMG_20170125_101536-1536x1268.jpg 1536w, https:\/\/www.englishparty.cl\/wp-content\/uploads\/2025\/09\/IMG_20170125_101536-2048x1691.jpg 2048w, https:\/\/www.englishparty.cl\/wp-content\/uploads\/2025\/09\/IMG_20170125_101536-500x413.jpg 500w, https:\/\/www.englishparty.cl\/wp-content\/uploads\/2025\/09\/IMG_20170125_101536-800x660.jpg 800w, https:\/\/www.englishparty.cl\/wp-content\/uploads\/2025\/09\/IMG_20170125_101536-1280x1057.jpg 1280w, https:\/\/www.englishparty.cl\/wp-content\/uploads\/2025\/09\/IMG_20170125_101536-1920x1585.jpg 1920w\" sizes=\"auto, (max-width: 1980px) 100vw, 1980px\" \/><\/figure>\n\n\n\n<figure class=\"wp-block-image size-large\"><img loading=\"lazy\" decoding=\"async\" width=\"1980\" height=\"1114\" data-id=\"1276\" src=\"https:\/\/www.orbitatierra.cl\/wp-content\/uploads\/2025\/09\/IMG_20151031_132556-1980x1114.jpg\" alt=\"\" class=\"wp-image-1276\" srcset=\"https:\/\/www.englishparty.cl\/wp-content\/uploads\/2025\/09\/IMG_20151031_132556-1980x1114.jpg 1980w, https:\/\/www.englishparty.cl\/wp-content\/uploads\/2025\/09\/IMG_20151031_132556-600x338.jpg 600w, https:\/\/www.englishparty.cl\/wp-content\/uploads\/2025\/09\/IMG_20151031_132556-768x432.jpg 768w, https:\/\/www.englishparty.cl\/wp-content\/uploads\/2025\/09\/IMG_20151031_132556-1536x864.jpg 1536w, https:\/\/www.englishparty.cl\/wp-content\/uploads\/2025\/09\/IMG_20151031_132556-2048x1152.jpg 2048w, https:\/\/www.englishparty.cl\/wp-content\/uploads\/2025\/09\/IMG_20151031_132556-500x281.jpg 500w, https:\/\/www.englishparty.cl\/wp-content\/uploads\/2025\/09\/IMG_20151031_132556-800x450.jpg 800w, https:\/\/www.englishparty.cl\/wp-content\/uploads\/2025\/09\/IMG_20151031_132556-1280x720.jpg 1280w, https:\/\/www.englishparty.cl\/wp-content\/uploads\/2025\/09\/IMG_20151031_132556-1920x1080.jpg 1920w\" sizes=\"auto, (max-width: 1980px) 100vw, 1980px\" \/><\/figure>\n\n\n\n<figure class=\"wp-block-image size-large\"><img loading=\"lazy\" decoding=\"async\" width=\"1024\" height=\"419\" data-id=\"715\" src=\"https:\/\/www.englishparty.cl\/wp-content\/uploads\/2025\/06\/murals_6-1024x419.png\" alt=\"\" class=\"wp-image-715\" srcset=\"https:\/\/www.englishparty.cl\/wp-content\/uploads\/2025\/06\/murals_6-1024x419.png 1024w, https:\/\/www.englishparty.cl\/wp-content\/uploads\/2025\/06\/murals_6-300x123.png 300w, https:\/\/www.englishparty.cl\/wp-content\/uploads\/2025\/06\/murals_6-768x314.png 768w, https:\/\/www.englishparty.cl\/wp-content\/uploads\/2025\/06\/murals_6-500x205.png 500w, https:\/\/www.englishparty.cl\/wp-content\/uploads\/2025\/06\/murals_6-800x327.png 800w, https:\/\/www.englishparty.cl\/wp-content\/uploads\/2025\/06\/murals_6.png 1026w\" sizes=\"auto, (max-width: 1024px) 100vw, 1024px\" \/><\/figure>\n\n\n\n<figure class=\"wp-block-image size-large\"><img loading=\"lazy\" decoding=\"async\" width=\"1485\" height=\"1980\" data-id=\"1277\" src=\"https:\/\/www.orbitatierra.cl\/wp-content\/uploads\/2025\/09\/IMG_9330-1485x1980.jpeg\" alt=\"\" class=\"wp-image-1277\" srcset=\"https:\/\/www.englishparty.cl\/wp-content\/uploads\/2025\/09\/IMG_9330-1485x1980.jpeg 1485w, https:\/\/www.englishparty.cl\/wp-content\/uploads\/2025\/09\/IMG_9330-450x600.jpeg 450w, https:\/\/www.englishparty.cl\/wp-content\/uploads\/2025\/09\/IMG_9330-768x1024.jpeg 768w, https:\/\/www.englishparty.cl\/wp-content\/uploads\/2025\/09\/IMG_9330-1152x1536.jpeg 1152w, https:\/\/www.englishparty.cl\/wp-content\/uploads\/2025\/09\/IMG_9330-1536x2048.jpeg 1536w, https:\/\/www.englishparty.cl\/wp-content\/uploads\/2025\/09\/IMG_9330-500x667.jpeg 500w, https:\/\/www.englishparty.cl\/wp-content\/uploads\/2025\/09\/IMG_9330-800x1067.jpeg 800w, https:\/\/www.englishparty.cl\/wp-content\/uploads\/2025\/09\/IMG_9330-1280x1707.jpeg 1280w, https:\/\/www.englishparty.cl\/wp-content\/uploads\/2025\/09\/IMG_9330-scaled.jpeg 1920w\" sizes=\"auto, (max-width: 1485px) 100vw, 1485px\" \/><\/figure>\n\n\n\n<figure class=\"wp-block-image size-large\"><img loading=\"lazy\" decoding=\"async\" width=\"1980\" height=\"1485\" data-id=\"1278\" src=\"https:\/\/www.orbitatierra.cl\/wp-content\/uploads\/2025\/09\/IMG_7767-1980x1485.jpeg\" alt=\"\" class=\"wp-image-1278\" srcset=\"https:\/\/www.englishparty.cl\/wp-content\/uploads\/2025\/09\/IMG_7767-1980x1485.jpeg 1980w, https:\/\/www.englishparty.cl\/wp-content\/uploads\/2025\/09\/IMG_7767-600x450.jpeg 600w, https:\/\/www.englishparty.cl\/wp-content\/uploads\/2025\/09\/IMG_7767-768x576.jpeg 768w, https:\/\/www.englishparty.cl\/wp-content\/uploads\/2025\/09\/IMG_7767-1536x1152.jpeg 1536w, https:\/\/www.englishparty.cl\/wp-content\/uploads\/2025\/09\/IMG_7767-2048x1536.jpeg 2048w, https:\/\/www.englishparty.cl\/wp-content\/uploads\/2025\/09\/IMG_7767-500x375.jpeg 500w, https:\/\/www.englishparty.cl\/wp-content\/uploads\/2025\/09\/IMG_7767-800x600.jpeg 800w, https:\/\/www.englishparty.cl\/wp-content\/uploads\/2025\/09\/IMG_7767-1280x960.jpeg 1280w, https:\/\/www.englishparty.cl\/wp-content\/uploads\/2025\/09\/IMG_7767-1920x1440.jpeg 1920w\" sizes=\"auto, (max-width: 1980px) 100vw, 1980px\" \/><\/figure>\n\n\n\n<figure class=\"wp-block-image size-large\"><img loading=\"lazy\" decoding=\"async\" width=\"1980\" height=\"801\" data-id=\"1279\" src=\"https:\/\/www.orbitatierra.cl\/wp-content\/uploads\/2025\/09\/IMG_2273-1980x801.jpeg\" alt=\"\" class=\"wp-image-1279\" srcset=\"https:\/\/www.englishparty.cl\/wp-content\/uploads\/2025\/09\/IMG_2273-1980x801.jpeg 1980w, https:\/\/www.englishparty.cl\/wp-content\/uploads\/2025\/09\/IMG_2273-600x243.jpeg 600w, https:\/\/www.englishparty.cl\/wp-content\/uploads\/2025\/09\/IMG_2273-768x311.jpeg 768w, https:\/\/www.englishparty.cl\/wp-content\/uploads\/2025\/09\/IMG_2273-1536x622.jpeg 1536w, https:\/\/www.englishparty.cl\/wp-content\/uploads\/2025\/09\/IMG_2273-2048x829.jpeg 2048w, https:\/\/www.englishparty.cl\/wp-content\/uploads\/2025\/09\/IMG_2273-500x202.jpeg 500w, https:\/\/www.englishparty.cl\/wp-content\/uploads\/2025\/09\/IMG_2273-800x324.jpeg 800w, https:\/\/www.englishparty.cl\/wp-content\/uploads\/2025\/09\/IMG_2273-1280x518.jpeg 1280w, https:\/\/www.englishparty.cl\/wp-content\/uploads\/2025\/09\/IMG_2273-1920x777.jpeg 1920w\" sizes=\"auto, (max-width: 1980px) 100vw, 1980px\" \/><\/figure>\n<\/figure>\n<\/div><\/div><\/div>\n<\/div><\/div>\n\n\n\n<p><\/p>\n","protected":false},"excerpt":{"rendered":"<p>Murales Nuestros talleres de muralismo unen equipos y fomentan el bienestar a trav\u00e9s de la colaboraci\u00f3n, la creatividad, y la conexi\u00f3n manual.<\/p>\n","protected":false},"author":1,"featured_media":0,"parent":0,"menu_order":0,"comment_status":"closed","ping_status":"closed","template":"","meta":{"footnotes":""},"class_list":["post-1178","page","type-page","status-publish","hentry"],"blocksy_meta":[],"_links":{"self":[{"href":"https:\/\/www.englishparty.cl\/index.php\/wp-json\/wp\/v2\/pages\/1178","targetHints":{"allow":["GET"]}}],"collection":[{"href":"https:\/\/www.englishparty.cl\/index.php\/wp-json\/wp\/v2\/pages"}],"about":[{"href":"https:\/\/www.englishparty.cl\/index.php\/wp-json\/wp\/v2\/types\/page"}],"author":[{"embeddable":true,"href":"https:\/\/www.englishparty.cl\/index.php\/wp-json\/wp\/v2\/users\/1"}],"replies":[{"embeddable":true,"href":"https:\/\/www.englishparty.cl\/index.php\/wp-json\/wp\/v2\/comments?post=1178"}],"version-history":[{"count":3,"href":"https:\/\/www.englishparty.cl\/index.php\/wp-json\/wp\/v2\/pages\/1178\/revisions"}],"predecessor-version":[{"id":1280,"href":"https:\/\/www.englishparty.cl\/index.php\/wp-json\/wp\/v2\/pages\/1178\/revisions\/1280"}],"wp:attachment":[{"href":"https:\/\/www.englishparty.cl\/index.php\/wp-json\/wp\/v2\/media?parent=1178"}],"curies":[{"name":"wp","href":"https:\/\/api.w.org\/{rel}","templated":true}]}}